94657 a composite number?
True
Is 80737 composite?
False
Is 71663 composite?
False
Is 1140421 a composite number?
False
Is 2037611 a composite number?
False
Is 52963 a prime number?
True
Is 79997 prime?
True
Is 4391 a composite number?
False
Is 49163 a prime number?
False
Is 29009 a prime number?
True
Is 20803 a composite number?
True
Is 4441 composite?
False
Is 181777 a composite number?
False
Is 7061 prime?
False
Is 44049 a prime number?
False
Is 27517 prime?
False
Is 7477 composite?
False
Is 3694 a composite number?
True
Is 320077 composite?
True
Is 6947 a prime number?
True
Is 1325861 a prime number?
True
Is 51281 prime?
False
Is 3061 prime?
True
Is 31469 composite?
False
Is 28387 a prime number?
True
Is 288319 a prime number?
False
Is 5143 prime?
False
Is 1117819 composite?
False
Is 563961 a composite number?
True
Is 3181 composite?
False
Is 80611 composite?
False
Is 300073 prime?
True
Is 334847 prime?
False
Is 17647 composite?
True
Is 25523 prime?
True
Is 751 a composite number?
False
Is 11677 prime?
True
Is 750437 composite?
False
Is 58 a prime number?
False
Is 16249 composite?
False
Is 2201 a composite number?
True
Is 26305 prime?
False
Is 1871351 a composite number?
False
Is 357331 composite?
True
Is 1543 a prime number?
True
Is 821527 composite?
True
Is 3371 composite?
False
Is 1415759 a composite number?
True
Is 12449 prime?
False
Is 1187 prime?
True
Is 3646 a prime number?
False
Is 11031 a composite number?
True
Is 1268311 prime?
False
Is 206447 a composite number?
False
Is 6613 a prime number?
False
Is 154667 composite?
False
Is 8989 a prime number?
False
Is 207433 prime?
True
Is 104389 prime?
False
Is 172301 a prime number?
False
Is 632711 composite?
True
Is 16457 prime?
False
Is 218923 prime?
True
Is 134471 composite?
False
Is 326294 a composite number?
True
Is 1720109 composite?
False
Is 3296339 prime?
True
Is 10078 composite?
True
Is 221761 a prime number?
False
Is 58946 a prime number?
False
Is 117319 prime?
True
Is 9521 a prime number?
True
Is 2949 composite?
True
Is 1830263 prime?
True
Is 142327 composite?
False
Is 82129 prime?
True
Is 442441 a composite number?
True
Is 166015 prime?
False
Is 11789 a prime number?
True
Is 1412467 a prime number?
False
Is 189197 prime?
False
Is 4481 a prime number?
True
Is 116329 composite?
False
Is 118571 a prime number?
True
Is 2183 composite?
True
Is 140869 a prime number?
True
Is 28213 prime?
False
Is 1086793 prime?
False
Is 4421 composite?
False
Is 190489 prime?
False
Is 464251 prime?
True
Is 6341 composite?
True
Is 313489 a prime number?
False
Is 1976903 a composite number?
False
Is 38177 composite?
False
Is 8746 a composite number?
True
Is 1061 a composite number?
False
Is 124001 a composite number?
False
Is 2122667 prime?
True
Is 19567 prime?
False
Is 406649 composite?
False
Is 760549 prime?
True
Is 21709 a composite number?
True
Is 735321 composite?
True
Is 18295 composite?
True
Is 7861 composite?
True
Is 1361 a prime number?
True
Is 57259 a composite number?
False
Is 137791 composite?
False
Is 1629827 composite?
True
Is 154969 prime?
False
Is 2357 a prime number?
True
Is 401113 a composite number?
False
Is 393479 a prime number?
True
Is 677 prime?
True
Is 208133 a composite number?
True
Is 421303 prime?
True
Is 998681 composite?
False
Is 43154 a prime number?
False
Is 273857 a prime number?
True
Is 263391 prime?
False
Is 20161 prime?
True
Is 386263 a composite number?
False
Is 35383 a composite number?
True
Is 43373 a composite number?
True
Is 19799 composite?
True
Is 131321 prime?
True
Is 26981 a prime number?
True
Is 127907 a prime number?
False
Is 18637 a composite number?
False
Is 14207 composite?
False
Is 4861 a composite number?
False
Is 9553 a prime number?
False
Is 2333 a composite number?
False
Is 30997 a prime number?
False
Is 245653 a composite number?
False
Is 7283 a composite number?
False
Is 501803 composite?
False
Is 1471 a composite number?
False
Is 102043 a composite number?
False
Is 60769 a prime number?
False
Is 10753 a prime number?
True
Is 1067 composite?
True
Is 259 a composite number?
True
Is 49319 composite?
True
Is 20021 composite?
False
Is 368603 composite?
True
Is 29407 a composite number?
True
Is 54283 a prime number?
False
Is 285071 a composite number?
False
Is 1237523 a composite number?
True
Is 38993 composite?
False
Is 146867 a composite number?
True
Is 19571 prime?
True
Is 20695 a prime number?
False
Is 34211 a prime number?
True
Is 14447 prime?
True
Is 19829 composite?
True
Is 40867 prime?
True
Is 13021 a composite number?
True
Is 301499 prime?
False
Is 877 a prime number?
True
Is 201 composite?
True
Is 8419 prime?
True
Is 428095 prime?
False
Is 8263 a prime number?
True
Is 22907 a composite number?
False
Is 114293 a composite number?
True
Is 319505 prime?
False
Is 310457 a composite number?
True
Is 172187 prime?
False
Is 1806617 a composite number?
False
Is 510355 composite?
True
Is 694753 a prime number?
False
Is 15127 prime?
False
Is 291 a composite number?
True
Is 204727 prime?
False
Is 248801 a composite number?
True
Is 225553 a prime number?
False
Is 14951 a composite number?
False
Is 251737 prime?
True
Is 2001905 prime?
False
Is 2199823 a prime number?
True
Is 1949 prime?
True
Is 360769 composite?
False
Is 309667 composite?
False
Is 23233 a composite number?
True
Is 19529 composite?
True
Is 180097 a composite number?
False
Is 2127 a composite number?
True
Is 24809 composite?
False
Is 16603 composite?
False
Is 29903 prime?
False
Is 68863 prime?
True
Is 705521 composite?
False
Is 1085099 composite?
True
Is 275881 composite?
False
Is 926543 composite?
True
Is 2863 prime?
False
Is 408169 a prime number?
True
Is 35023 a composite number?
False
Is 10207 composite?
True
Is 251 composite?
False
Is 718087 composite?
False
Is 737 prime?
False
Is 144371 a composite number?
True
Is 2146271 prime?
False
Is 5911 a prime number?
False
Is 16495 a prime number?
False
Is 206383 a composite number?
False
Is 15559 a prime number?
True
Is 695 prime?
False
Is 5323 prime?
True
Is 1101 prime?
False
Is 798449 composite?
True
Is 1965233 a prime number?
False
Is 6289 composite?
True
Is 193462 a prime number?
False
Is 795709 a prime number?
True
Is 6401 a composite number?
True
Is 492587 composite?
False
Is 8749 prime?
False
Is 1543 a prime number?
True
Is 290737 a composite number?
False
Is 40739 a composite number?
False
Is 5323 a prime number?
True
Is 212899 a prime number?
False
Is 90113 composite?
True
Is 59771 prime?
True
Is 17354 a composite number?
True
Is 1117 composite?
False
Is 4861 prime?
True
Is 7861 composite?
True
Is 306494 a composite number?
True
Is 6761 composite?
False
Is 6197 prime?
True
Is 33107 prime?
True
Is 56213 a prime number?
False
Is 53147 a prime number?
True
Is 56617 a composite number?
True
Is 80557 a composite number?
False
Is 143551 a prime number?
True
Is 8951 composite?
False
Is 139989 a prime number?
False
Is 150649 composite?
False
Is 7193 a composite number?
False
Is 14845 prime?
False
Is 347 a composite number?
False
Is 2762 a composite number?
True
Is 641 prime?
True
Is 275469 composite?
True
Is 46663 composite?
False
Is 47563 composite?
False
Is 1147831 a composite number?
True
Is 427267 a prime number?
False
Is 13441 a composite number?
False
Is 10771 prime?
True
Is 29053 a prime number?
False
Is 3863 a composite number?
False
Is 1130497 a composite number?
False
Is 590093 composite?
True
Is 3385 a composite number?
True
Is 670765 a prime number?
False
Is 11369 a composite number?
False
Is 679 prime?
False
Is 18517 a composite number?
False
Is 503277 prime?
False
Is 161453 a composite number?
False
Is 256829 a prime number?
False
Is 227561 prime?
True
Is 302 composite?
True
Is 262253 prime?
True
Is 28349 prime?
True
Is 158 composite?
True
Is 31931 prime?
False
Is 282643 a composite number?
True
Is 41573 a composite number?
True
Is 26309 a prime number?
True
Is 868061 prime?
False
Is 14963 prime?
False
Is 3580331 prime?
True
Is 659057 composite?
True
Is 19601 composite?
True
Is 550951 composite?
False
Is 17269 composite?
True
Is 52489 composite?
False
Is 53059 composite?
True
Is 28393 a prime number?
True
Is 10747 a prime number?
False
Is 31721 prime?
True
Is 380563 a prime number?
True
Is 93565 a composite number?
True
Is 